-100)). Suppose l = n - 1. Calculate the greatest common divisor of l and j.
11
Suppose 0*t - 2*t = -6. Suppose -4*k = -t*a - 8 - 23, -2*a = 3*k - 2. Suppose 3*b = 2*b + 28. Calculate the highest common factor of b and k.
4
Let k be (22/1)/(6/33). Suppose 5*c = 2*c. Suppose t + 0*t - 11 = c. What is the greatest common factor of t and k?
11
Let l be (-1 + -149)*2/(-2). Calculate the highest common factor of l and 6.
6
Suppose 5*s = 2*h + 25, 79 = -h - 4*h - 4*s. Let l = 29 + h. What is the greatest common factor of l and 28?
14
Let l(w) = 13*w - 3. Let f be l(6). Suppose -3*p + 96 = -2*k, -14 - 70 = -3*p - 2*k. Calculate the highest common divisor of p and f.
15
Let c be (620/8)/5 + (-1)/2. Let u be 0 + (4 - (0 + 1)). What is the highest common factor of c and u?
3
Suppose 2*k + k + 9 = 0. Let z be 2/(-6)*k*13. What is the highest common divisor of z and 104?
13
Let a = -36 + 61. Let t be 237/9 - 12/9. What is the highest common factor of t and a?
25
Let o(k) = 20*k**3 - k**2 + 2*k - 1. Let q be o(1). Let c = q - 1. Calculate the highest common factor of c and 76.
19
Let f(b) = -b**3 + 8*b**2 + 9*b - 7. Let w be f(7). What is the highest common divisor of w and 42?
21
Suppose 3 + 0 = i. Suppose -5*n + 5*f + 110 = 0, -4*n + i*f = n - 114. Calculate the greatest common factor of n and 8.
8
Suppose a + 3*i - 6 = 14, 3*i = -5*a + 88. Suppose g + 3*z = 2, -2*g + z - 11 + 29 = 0. Suppose 10*w - 102 = g*w. What is the highest common factor of a and w?
17
Let l be (-298)/(-10) + (-2)/(-10). Let y be l/9*24/10. Calculate the highest common factor of 56 and y.
8
Suppose 0 = -5*s + 3*r + 7, -12 = 4*s + 3*r - r. Let z be ((-15)/(-9))/(s/3). Let p be (-8)/(-10) - z/25. Calculate the highest common divisor of p and 3.
1
Suppose -3*b + 3*o + 87 = 0, -2*b - 3*o = 15 - 88. Calculate the greatest common factor of b and 224.
32
Let y(q) = q**2 + q - 5. Let t be y(-5). Let d(b) = 2*b**3 - b**2 + 2*b - 1. Let z be d(2). Let k be 5*9/z*1. Calculate the highest common factor of t and k.
3
Let s(c) = c**3 + 5*c**2 - 2*c + 4. Let d be s(-5). Suppose 0 = 3*i - 194 - 16. Calculate the highest common divisor of d and i.
14
Suppose -6*z = -z - 800. Calculate the highest common divisor of z and 10.
10
Suppose -49 = -3*j + 104. Suppose -4*h = 2 + 2, -2*a = 5*h - 29. Calculate the greatest common divisor of a and j.
17
Suppose 4*r + o = 8, -2*o = -4*r - 5*o + 8. Suppose -2*y = -3*s - r*s + 26, 0 = -5*s - 10. Let u = 30 + y. Calculate the highest common factor of u and 4.
4
Suppose -f + 5*b = 3, 3*f - b + 7 = 6*f. Suppose -2*w = w - 54. Calculate the highest common factor of f and w.
2
Suppose 3235 = 5*g + 2*k + 3*k, 0 = 3*g - 4*k - 1920. Suppose 5*o = g - 219. What is the greatest common divisor of 17 and o?
17
Let i(p) = 7*p**2 - 2*p. Let n be i(2). Calculate the greatest common divisor of n and 60.
12
Let t(x) = 6*x**2 + 5*x - 6. Let p be t(4). Let v be 3 + -7 - -6 - -8. What is the greatest common divisor of p and v?
10
Let d(h) = -4*h - 1. Let l be d(-1). Suppose l*a - a = 112. What is the highest common factor of a and 8?
8
Let r be 188/2 - (3 - (8 - 3)). Calculate the greatest common divisor of 24 and r.
24
Let y be 358/4 - (-1)/2. Calculate the highest common factor of 10 and y.
10
Let m(q) = 4*q + 3. Let y = 0 + 3. Let r be m(y). Let d = 263 + -98. What is the highest common factor of r and d?
15
Suppose -26*r + 28*r - 12 = 0. What is the highest common divisor of 42 and r?
6
Let x = -19 - -33. Suppose -6 = -f + 8. Calculate the greatest common factor of f and x.
14
Let n = -127 + 87. Let x = -2 - n. What is the greatest common factor of 19 and x?
19
Let x = -82 + 56. Let y = 107 + x. Calculate the greatest common factor of 9 and y.
9
Let d = 7 - 5. Let f be (-5*1)/(d/(-4)). Let m be 279/4 - (-1)/4. Calculate the highest common factor of f and m.
10
Let g = -20 + 36. Let k(z) = -z**3 + 17*z**2 - 14*z - 18. Let y be k(g). What is the highest common divisor of y and 98?
14
Let h be 14*(-4)/(24/(-27)). Suppose -2*x + 9 = -9. Calculate the highest common factor of x and h.
9
Let s = 30 + -25. Let u = 28 - -56. Suppose s*q - q = u. What is the greatest common divisor of q and 3?
3
Suppose 0 = 2*a + 8, 0*a - 49 = -5*b - 4*a. Let s = -11 + b. Suppose -x = s*x - 504. Calculate the greatest common divisor of 21 and x.
21
Let u = -4 - -12. Suppose t = -t + 32. Let q = t + u. Calculate the highest common factor of q and 60.
12
Suppose 5*q - 5*c = 410, -166 = -5*q + 3*q + 3*c. Suppose 2*u - 31 = -5*x - 6, 5 = 5*x. Calculate the highest common divisor of q and u.
10
Suppose -51 = -2*v + 5*r, -v - r = -3*r - 26. What is the greatest common factor of 42 and v?
14
Let c be (-8)/(-2)*(-3)/(-4). Suppose -5*j = -5*k + 3*k + 51, 5*k - 159 = 2*j. What is the greatest common factor of c and k?
3
Suppose 10 = 2*u - 4*t, 5*t - 9 = -2*u + 19. What is the highest common factor of u and 72?
9
Let l(i) = 3*i - 1. Let u be l(7). Calculate the highest common factor of u and 90.
10
Let q be -20*(6/15)/(3/(-72)). Calculate the highest common factor of 48 and q.
48
Let v = -4 + 8. Let h be (-6)/4*-2 + 2. Suppose -5*i + 20 = h*r, 5*r - i - 14 = 6. What is the highest common factor of r and v?
4
Suppose 3*k + 63 = 3*l - 15, -3*k = l - 30. What is the highest common factor of 3 and l?
3
Let s = 2 - 0. Suppose 4*t + 39 = 3*m, -s*m - 2*t - 42 = -6*m. Let l(d) = d**2 + 3*d - 1. Let w be l(4). What is the greatest common factor of m and w?
9
Let d = 9 + 13. Suppose -8*z + 4*z + 116 = 4*v, -3*z = -2*v - 107. Calculate the highest common divisor of d and z.
11
Let y(c) be the first derivative of -c**4/4 - 4*c**3/3 - 3*c - 6. Let v be y(-5). What is the greatest common divisor of 11 and v?
11
Let o = -116 + 193. What is the greatest common factor of o and 7?
7
Let m = 15 - 11. Suppose 0 = 2*k - p - 58, m*k - 34 = 2*k - 5*p. Calculate the highest common factor of 9 and k.
9
Let a(m) = 2*m - 8. Let k be a(6). Suppose 3*i + k*o - 124 = 160, -430 = -5*i + 2*o. Calculate the greatest common divisor of i and 11.
11
Let j be 2/1 - (-4 - -4). Suppose -d + 18 = j*d. Let a be (d/(-4))/(7/(-56)). Calculate the highest common divisor of 36 and a.
12
Let l = -148 - -162. Suppose -28 = -5*b - 8. Let d be b/(-10) - 37/(-5). Calculate the greatest common factor of l and d.
7
Suppose -3*n + 86 = 8. What is the greatest common factor of 182 and n?
26
Let z be 3/(-3) + 0 - 0. Let r = 3 + z. Suppose 5*x = -2*q - r*q + 112, -q + 94 = 4*x. What is the highest common divisor of x and 16?
8
Suppose 0 = -3*a - 3*v + 192, 320 = 2*a + 3*a - 2*v. Calculate the highest common factor of 16 and a.
16
Let m(h) = -h - 1. Let q be m(-1). Suppose -3*z + q*z - 2*r + 164 = 0, -4*z - 5*r = -221. Let o = 25 + -19. Calculate the highest common divisor of z and o.
6
Let t = 101 + 4. Let i be (6/(-15))/(3/(-330)). Let c = i + -29. Calculate the greatest common factor of c and t.
15
Suppose 0*q + 2401 = 7*q. What is the highest common divisor of q and 49?
49
Suppose 10 = 3*h - 5. Let m be (3 + h/(-2))*60. Calculate the greatest common factor of m and 6.
6
Let r be (34/(-6))/(4/(-12)). Suppose -y = -0*y + 142. Let b = y + 295. What is the highest common factor of r and b?
17
Let a(t) = 9*t**2 - 1 - 52*t + 49*t - t**2. Let x be a(4). Calculate the greatest common factor of x and 23.
23
Let z(t) be the first derivative of t**3/3 + t**2/2 - 16*t - 1. Let q be z(0). Let k be ((-44)/q)/(1/8). Calculate the greatest common divisor of 110 and k.
22
Let g(c) = -14*c**3 - 2*c + 1. Let j be g(-2). Calculate the highest common divisor of j and 13.
13
Let u = -3 + 6. Let l be (44/3)/((-10)/(-15)). Let k be l/u - 3/9. What is the highest common factor of k and 14?
7
Suppose -5*j + 10 = 0, 2*y + 3*y + 2*j - 34 = 0. Calculate the highest common divisor of y and 12.
6
Suppose -3*s + 9 = -3*p, p - 5*s + 15 = -s. Suppose -p + 49 = 2*x. What is the greatest common factor of 8 and x?
8
Suppose 0*c - 16 = -4*c. Calculate the greatest common divisor of c and 6.
2
Let u(x) = x**2 + 7*x - 4. Let n be u(-5). Let i = 18 + n. Let y(r) = -5*r + 9. Let w be y(-7). Calculate the greatest common divisor of i and w.
4
Let k = 8 - 5. Suppose -2 - 229 = -k*h. What is the highest common divisor of h and 7?
7
Let q(n) = n**2 - 7*n - 10. Let i be q(7). Let u = -6 - i. Suppose -x = 3*